{"id":2598,"date":"2017-09-04T21:38:22","date_gmt":"2017-09-04T19:38:22","guid":{"rendered":"https:\/\/www.sp-piotrkowice.pl\/?page_id=2598"},"modified":"2019-11-03T19:17:50","modified_gmt":"2019-11-03T18:17:50","slug":"czytanie-1","status":"publish","type":"page","link":"https:\/\/www.sp-piotrkowice.pl\/?page_id=2598","title":{"rendered":"Pog\u00f3rza\u0144skie Stowarzyszenie Rozwoju"},"content":{"rendered":"ngg_shortcode_0_placeholder\n<p>&nbsp;<\/p>\n\n\n<p>Odnowienie&nbsp; drogi\nhistorycznej przy ko\u015bciele parafialnym p.w. \u015bw. Micha\u0142a Archanio\u0142a w\nPiotrkowicach. Operacja w ramach poddzia\u0142ania 19.2 ,,Wsparcie na wdra\u017canie\noperacji w ramach strategii rozwoju lokalnego kierowanego przez spo\u0142eczno\u015b\u0107\u201e\nrealizowanego przez Pog\u00f3rza\u0144skie Stowarzyszenie Rozwoju w Tuchowie, EUROPEJSKI\nFUNDUSZ ROLNY NA RZECZ ROZWOJU OBSZAR\u00d3W WIEJSKICH<\/p>\n","protected":false},"excerpt":{"rendered":"<p>&#8221; order_by=&#8221;sortorder&#8221; order_direction=&#8221;ASC&#8221; returns=&#8221;included&#8221; maximum_entity_count=&#8221;500&#8243;] &nbsp; Odnowienie&nbsp; drogi historycznej przy ko\u015bciele parafialnym p.w. \u015bw. Micha\u0142a Archanio\u0142a w Piotrkowicach. Operacja w ramach poddzia\u0142ania 19.2 ,,Wsparcie na [&hellip;]<\/p>\n","protected":false},"author":2,"featured_media":0,"parent":0,"menu_order":40,"comment_status":"closed","ping_status":"closed","template":"","meta":{"ngg_post_thumbnail":0,"footnotes":""},"class_list":["post-2598","page","type-page","status-publish","hentry"],"_links":{"self":[{"href":"https:\/\/www.sp-piotrkowice.pl\/index.php?rest_route=\/wp\/v2\/pages\/2598","targetHints":{"allow":["GET"]}}],"collection":[{"href":"https:\/\/www.sp-piotrkowice.pl\/index.php?rest_route=\/wp\/v2\/pages"}],"about":[{"href":"https:\/\/www.sp-piotrkowice.pl\/index.php?rest_route=\/wp\/v2\/types\/page"}],"author":[{"embeddable":true,"href":"https:\/\/www.sp-piotrkowice.pl\/index.php?rest_route=\/wp\/v2\/users\/2"}],"replies":[{"embeddable":true,"href":"https:\/\/www.sp-piotrkowice.pl\/index.php?rest_route=%2Fwp%2Fv2%2Fcomments&post=2598"}],"version-history":[{"count":6,"href":"https:\/\/www.sp-piotrkowice.pl\/index.php?rest_route=\/wp\/v2\/pages\/2598\/revisions"}],"predecessor-version":[{"id":11745,"href":"https:\/\/www.sp-piotrkowice.pl\/index.php?rest_route=\/wp\/v2\/pages\/2598\/revisions\/11745"}],"wp:attachment":[{"href":"https:\/\/www.sp-piotrkowice.pl\/index.php?rest_route=%2Fwp%2Fv2%2Fmedia&parent=2598"}],"curies":[{"name":"wp","href":"https:\/\/api.w.org\/{rel}","templated":true}]}}