{"id":26,"date":"2014-09-07T19:28:47","date_gmt":"2014-09-07T17:28:47","guid":{"rendered":"https:\/\/www.sp-piotrkowice.pl\/?page_id=26"},"modified":"2024-10-08T13:28:35","modified_gmt":"2024-10-08T11:28:35","slug":"rada-rodzicow","status":"publish","type":"page","link":"https:\/\/www.sp-piotrkowice.pl\/?page_id=26","title":{"rendered":"Rada Rodzic\u00f3w"},"content":{"rendered":"<p>Przewodnicz\u0105ca: Angelika Mikos<br \/>\nZast\u0119pca przewodnicz\u0105cego: Ewelina Ba\u0144dur<br \/>\nSkarbnik: Joanna Iwaniec<\/p>\n","protected":false},"excerpt":{"rendered":"<p>Przewodnicz\u0105ca: Angelika Mikos Zast\u0119pca przewodnicz\u0105cego: Ewelina Ba\u0144dur Skarbnik: Joanna Iwaniec<\/p>\n","protected":false},"author":1,"featured_media":0,"parent":0,"menu_order":8,"comment_status":"open","ping_status":"closed","template":"","meta":{"ngg_post_thumbnail":0,"footnotes":""},"class_list":["post-26","page","type-page","status-publish","hentry"],"_links":{"self":[{"href":"https:\/\/www.sp-piotrkowice.pl\/index.php?rest_route=\/wp\/v2\/pages\/26","targetHints":{"allow":["GET"]}}],"collection":[{"href":"https:\/\/www.sp-piotrkowice.pl\/index.php?rest_route=\/wp\/v2\/pages"}],"about":[{"href":"https:\/\/www.sp-piotrkowice.pl\/index.php?rest_route=\/wp\/v2\/types\/page"}],"author":[{"embeddable":true,"href":"https:\/\/www.sp-piotrkowice.pl\/index.php?rest_route=\/wp\/v2\/users\/1"}],"replies":[{"embeddable":true,"href":"https:\/\/www.sp-piotrkowice.pl\/index.php?rest_route=%2Fwp%2Fv2%2Fcomments&post=26"}],"version-history":[{"count":7,"href":"https:\/\/www.sp-piotrkowice.pl\/index.php?rest_route=\/wp\/v2\/pages\/26\/revisions"}],"predecessor-version":[{"id":25016,"href":"https:\/\/www.sp-piotrkowice.pl\/index.php?rest_route=\/wp\/v2\/pages\/26\/revisions\/25016"}],"wp:attachment":[{"href":"https:\/\/www.sp-piotrkowice.pl\/index.php?rest_route=%2Fwp%2Fv2%2Fmedia&parent=26"}],"curies":[{"name":"wp","href":"https:\/\/api.w.org\/{rel}","templated":true}]}}